hat are the prime factors of 1528269344?
2, 7, 6822631
List the prime factors of 9137190.
2, 3, 5, 61, 4993
What are the prime factors of 3745063196?
2, 7, 133752257
List the prime factors of 223039382.
2, 67, 73, 151
What are the prime factors of 61142409?
3, 1871, 3631
What are the prime factors of 41934494?
2, 7, 61129
What are the prime factors of 42042779?
29, 151, 9601
What are the prime factors of 8099823670?
2, 5, 173, 701, 6679
List the prime factors of 55377244.
2, 13, 81919
What are the prime factors of 788620199?
41, 2113, 9103
What are the prime factors of 62233466?
2, 1103, 28211
List the prime factors of 1745782276.
2, 7, 62349367
List the prime factors of 387011876.
2, 347, 278827
What are the prime factors of 4044620474?
2, 199, 1087, 9349
List the prime factors of 907019086.
2, 453509543
List the prime factors of 41935682.
2, 29, 723029
What are the prime factors of 134125614?
2, 3, 7, 17, 62617
What are the prime factors of 75172395?
3, 5, 23, 109, 1999
List the prime factors of 40884643.
17, 113, 21283
List the prime factors of 4601410998.
2, 3, 1297, 591289
What are the prime factors of 20943890?
2, 5, 11, 19, 911
What are the prime factors of 95947801?
95947801
What are the prime factors of 1049189?
17, 61717
What are the prime factors of 490195227?
3, 43, 281, 13523
List the prime factors of 993873896.
2, 181, 311, 2207
What are the prime factors of 86582976?
2, 3, 97, 4649
List the prime factors of 4243509003.
3, 229, 6176869
List the prime factors of 547492205.
5, 13, 331, 25447
What are the prime factors of 1024772516?
2, 79, 337, 9623
What are the prime factors of 1217945156?
2, 304486289
List the prime factors of 47856833.
47856833
What are the prime factors of 81217972?
2, 11, 103, 17921
What are the prime factors of 59166978?
2, 3, 13, 758551
What are the prime factors of 3032537849?
11, 5197, 53047
What are the prime factors of 158721387?
3, 11, 59, 7411
What are the prime factors of 20481640?
2, 5, 151, 3391
What are the prime factors of 10927620?
2, 3, 5, 11, 5519
What are the prime factors of 2527636?
2, 149, 4241
List the prime factors of 32377655.
5, 1871, 3461
List the prime factors of 908338693.
409, 1187, 1871
What are the prime factors of 12093626?
2, 6046813
What are the prime factors of 104833400?
2, 5, 7, 103, 727
List the prime factors of 45921908.
2, 83, 138319
List the prime factors of 1048811772.
2, 3, 87400981
What are the prime factors of 81594317?
7, 23, 506797
What are the prime factors of 2735879019?
3, 10909, 83597
What are the prime factors of 1199361044?
2, 7, 6119189
List the prime factors of 283442893.
19, 107, 1303
List the prime factors of 59347132.
2, 13, 1141291
What are the prime factors of 448309637?
29, 1913, 8081
What are the prime factors of 50855978?
2, 233, 109133
What are the prime factors of 45548370?
2, 3, 5, 7, 197, 367
List the prime factors of 134962900.
2, 5, 127, 10627
List the prime factors of 10013895.
3, 5, 74177
List the prime factors of 7309608921.
3, 19, 97, 440683
What are the prime factors of 86966088?
2, 3, 11, 29947
What are the prime factors of 45083261?
45083261
What are the prime factors of 45205811?
7, 193, 33461
List the prime factors of 1476874.
2, 7, 105491
List the prime factors of 106231173.
3, 2153, 16447
What are the prime factors of 18365571?
3, 7, 19, 67, 229
What are the prime factors of 90798658?
2, 45399329
List the prime factors of 6013191677.
59, 101918503
What are the prime factors of 649081035?
3, 5, 229, 62987
List the prime factors of 49307982.
2, 3, 47, 174851
List the prime factors of 556316323.
556316323
List the prime factors of 997157359.
11, 199, 455531
What are the prime factors of 1848255994?
2, 13, 1447, 3779
List the prime factors of 2134462124.
2, 131, 271, 15031
What are the prime factors of 5669274?
2, 3, 13, 5591
What are the prime factors of 4330040962?
2, 13, 166540037
List the prime factors of 2939163653.
2939163653
What are the prime factors of 104702101?
7, 14957443
What are the prime factors of 2297615476?
2, 13, 44184913
List the prime factors of 1099274711.
137, 389, 20627
What are the prime factors of 22807333?
22807333
List the prime factors of 44175455.
5, 1301, 6791
What are the prime factors of 6182942?
2, 19, 162709
What are the prime factors of 46666511?
46666511
List the prime factors of 145938637.
13, 101, 111149
What are the prime factors of 63809637?
3, 21269879
What are the prime factors of 708104941?
233, 3039077
What are the prime factors of 390399630?
2, 3, 5, 83, 1889
What are the prime factors of 405107952?
2, 3, 73, 115613
What are the prime factors of 19403267?
13, 67, 22277
What are the prime factors of 2131115916?
2, 3, 269, 660197
What are the prime factors of 332231640?
2, 3, 5, 13, 212969
List the prime factors of 42506639.
7, 6072377
List the prime factors of 6750864937.
43, 61, 1163, 2213
What are the prime factors of 2373872445?
3, 5, 7, 19, 396637
What are the prime factors of 96650533?
7, 29, 476111
List the prime factors of 557702220.
2, 3, 5, 59, 157543
List the prime factors of 18445637.
7, 19, 331, 419
List the prime factors of 178257253.
178257253
What are the prime factors of 4665095865?
3, 5, 23, 4507339
What are the prime factors of 51662247?
3, 7, 13, 189239
What are the prime factors of 520145340?
2, 3, 5, 11, 13, 60623
List the prime factors of 15176498.
2, 7588249
List the prime factors of 24775158.
2, 3, 97, 42569
What are the prime factors of 41797554?
2, 3, 1213, 5743
List the prime factors of 36588173.
389, 94057
What are the prime factors of 505123233?
3, 9091, 18521
What are the prime factors of 975025728?
2, 3, 564251
What are the prime factors of 653626109?
2693, 242713
What are the prime factors of 22887543?
3, 7, 47, 23189
What are the prime factors of 1777990663?
331, 373, 14401
List the prime factors of 248606462.
2, 13, 9561787
List the prime factors of 3288921103.
13, 4649, 54419
List the prime factors of 458344414.
2, 11, 23, 905819
What are the prime factors of 174487088?
2, 10905443
List the prime factors of 204159447.
3, 139, 18133
List the prime factors of 480435321.
3, 733, 218479
What are the prime factors of 3526839046?
2, 1763419523
List the prime factors of 118235524.
2, 11, 307, 8753
List the prime factors of 78559565.
5, 7, 2244559
List the prime factors of 2722135556.
2, 7, 3433, 28319
What are the prime factors of 121236909?
3, 43, 113, 8317
List the prime factors of 9950449.
727, 13687
What are the prime factors of 191083816?
2, 7, 11, 23, 13487
What are the prime factors of 39728532?
2, 3, 89, 37199
List the prime factors of 129094300.
2, 5, 61, 21163
List the prime factors of 7200430315.
5, 13, 47, 2356933
What are the prime factors of 909875777?
1129, 805913
What are the prime factors of 976681369?
331, 463, 6373
List the prime factors of 36864736.
2, 1152023
List the prime factors of 221640290.
2, 5, 22164029
List the prime factors of 590970004.
2, 23, 29, 359, 617
List the prime factors of 281395698.
2, 3, 43, 1090681
What are the prime factors of 347165986?
2, 19, 2617, 3491
What are the prime factors of 20494601?
20494601
What are the prime factors of 207383369?
9967, 20807
List the prime factors of 1375602482.
2, 193, 379, 9403
What are the prime factors of 145080854?
2, 5813, 12479
What are the prime factors of 412708017?
3, 457, 301027
What are the prime factors of 11520620?
2, 5, 576031
What are the prime factors of 282541080?
2, 3, 5, 109, 21601
What are the prime factors of 32739808?
2, 59, 17341
What are the prime factors of 97934564?
2, 7, 13, 43, 6257
List the prime factors of 641383819.
23, 113, 246781
What are the prime factors of 561009934?
2, 2683, 104549
What are the prime factors of 25715597?
3833, 6709
List the prime factors of 226386258.
2, 3, 7, 5390149
List the prime factors of 962340738.
2, 3, 160390123
List the prime factors of 432396284.
2, 108099071
List the prime factors of 1239389279.
3323, 372973
What are the prime factors of 83274802?
2, 13, 1021, 3137
What are the prime factors of 400972799?
151, 2655449
List the prime factors of 357366007.
67, 137, 38933
What are the prime factors of 14282252?
2, 79, 45197
List the prime factors of 179012589.
3, 7, 971, 8779
List the prime factors of 634798153.
11, 1217, 47